 Let m be 4/28 + 316/p. Let d = -12 - m. List the prime factors of d.
3, 11
Let r(o) = o**3 + 3*o**2 + 6*o - 8. Let t(p) = -p**3 + 4*p**2 + p. Let d be t(4). What are the prime factors of r(d)?
2
Let d(o) = -o + 9. Let h be d(6). Suppose -10 = -h*k + k. Suppose k*f + 20 = -r, -f + 0*f + 20 = 5*r. What are the prime factors of r?
5
Suppose 3*d - 8*d - 486 = -3*t, 5*d = 2*t - 324. List the prime factors of t.
2, 3
Suppose 26 = 2*o - 5*u, 3*o + 2*u = -u + 18. Suppose 6*j - o = 2*j. Suppose -3*t = -0*t + j*h - 30, -5*t - 3*h + 49 = 0. What are the prime factors of t?
2
Suppose 4*r = -2*x + 44, 5*r + 4*x + 14 = 63. Let d be 10/(-6)*(-12)/(-2). Let t = r + d. What are the prime factors of t?
3
Let j = 37 - 21. Let d = j + 107. Suppose -d = -6*z + 303. List the prime factors of z.
71
Let y(r) = 55*r + 76. Let t(o) = 37*o + 51. Let b(m) = 7*t(m) - 5*y(m). What are the prime factors of b(-12)?
13
Let m(n) = 6*n - 31. Let z be m(6). List the prime factors of (580/z)/1 + 3.
7, 17
Suppose -2*d = -4*d. Suppose d*o = 5*o - 800. Suppose j - o = -4*j. List the prime factors of j.
2
Let a = 174 + -75. Let v = 270 - a. List the prime factors of v.
3, 19
Suppose -3*q + 70 = l, 3*l + 6*q - 180 = 3*q. Suppose -249 = -5*f + 4*y, 4*f - 137 - l = -4*y. Let z = f - 21. What are the prime factors of z?
2, 7
Let i(g) be the second derivative of 3*g**3/2 + 5*g**2/2 - g. Let n(q) = -3*q + 1. Let t be n(-1). List the prime factors of i(t).
41
Suppose -7*w + 1097 = -212. What are the prime factors of w?
11, 17
Let j = -41 - -22. Let v = j + 62. What are the prime factors of v?
43
Let a(n) = 3*n**2 - 25*n + 40. List the prime factors of a(15).
2, 5, 17
Let y be 42/(-56) - 17/4. Let t(j) = 3*j**2 + 3*j + 7. Let b(c) = 7*c**2 + 5*c + 14. Let g(s) = -2*b(s) + 5*t(s). List the prime factors of g(y).
7
Let u(a) = 185*a**2 - 3*a. What are the prime factors of u(-2)?
2, 373
Let g = 412 - -22. What are the prime factors of g?
2, 7, 31
Let h(l) be the first derivative of 2*l**3 + 9*l**2/2 - 27*l + 49. List the prime factors of h(5).
2, 3, 7
Let d(h) = -7*h**3 + 2*h**2 + 10*h - 6. Let t = -8 + 10. Let p(y) = -3*y**3 + y**2 + 5*y - 3. Let g(v) = t*d(v) - 5*p(v). What are the prime factors of g(3)?
2, 3
List the prime factors of (-317760)/(-128) + (-6)/4.
3, 827
Suppose -4*d + 139 = -333. Suppose 662 + d = 10*g. List the prime factors of g.
2, 3, 13
Suppose -2*b = t + 63, 2*b + 5*t - 3*t = -64. Let i = -9 - b. Let s = 85 - i. What are the prime factors of s?
3, 7
Let k(s) = -s + 1. Let b(z) = -z**2 + 6*z + 27. Let a be b(-5). What are the prime factors of k(a)?
29
Suppose 0*g - 6 = 2*g, -2*t = 5*g + 21. List the prime factors of (-1 - t)*(-1 - -20).
2, 19
Suppose -5*p = 4*g - 873, 221 = 3*g - 2*g + 4*p. List the prime factors of g.
7, 31
Let u(q) be the third derivative of q**6/120 - q**5/15 - q**4/8 + 11*q**3/6 - 21*q**2. List the prime factors of u(5).
3, 7
Suppose 11*c + 4 = 4. Suppose -5*m - x - 2*x + 722 = c, 3 = -3*x. List the prime factors of m.
5, 29
Suppose -y + 2*m - 15 = 0, -y = -5*y + 3*m - 45. Let p = 38 + y. List the prime factors of p.
29
Suppose x - 249 = 129. What are the prime factors of x?
2, 3, 7
Let g = -41 + 259. What are the prime factors of g?
2, 109
Let q(s) = -s**2 + 17*s + 62. List the prime factors of q(19).
2, 3
Let q = -6 - -11. Suppose -163 = -3*u + i - 3*i, 5*i = -q. What are the prime factors of u?
5, 11
Suppose -2510 - 2330 = -u - 4*q, 2*q = 4*u - 19360. List the prime factors of u.
2, 5, 11
Let g = 18 + -15. Let c be 2 + 4 + -3 - g. Let q(y) = y**3 + y**2 + 46. List the prime factors of q(c).
2, 23
Suppose -5*r + 9*r = -252. Let b = r + 98. What are the prime factors of b?
5, 7
Suppose -3*u + 0*u - 30 = -5*m, -5*u = -5*m + 30. Suppose 0 = 4*y - 14 - m. Suppose 0 = -7*q + y*q + 122. List the prime factors of q.
61
What are the prime factors of (0 + -214)/((-1)/7)?
2, 7, 107
Let z(h) = h**3 - 4*h**2 - 3. Let i be z(2). Let d = 15 + i. Let g(b) = b**3 - b**2 - 6*b + 1. List the prime factors of g(d).
5
Suppose 0 = r + 4*y - 1605, 5*y + 1229 = r - 331. List the prime factors of r.
5, 317
Let i(g) = 68*g**2 + g. Let d be i(-1). Let m = -42 + d. Suppose -m = -3*t + 47. What are the prime factors of t?
2, 3
Suppose 5*c = 5*i - 350, 127 + 80 = 3*i - 2*c. Let q = 1177 - 1179. Let x = i + q. What are the prime factors of x?
5, 13
Suppose -2*x + 1 + 7 = 0. Let u be (-3)/x*(-8)/2. Suppose -u*c = 2*c - 35. What are the prime factors of c?
7
Let y = 36 - -104. Let a = y - 89. List the prime factors of a.
3, 17
Let p(j) = 69*j**2 + 4*j - 186. List the prime factors of p(8).
2, 2131
Let f = 507 + 244. Suppose -f = -5*u + w, 2*u - 4*w = 29 + 257. What are the prime factors of u?
151
Suppose 3*k + 3*h + 16 = 2*k, 5 = -5*h. Let r = -82 + 102. Let z = k + r. List the prime factors of z.
7
Suppose 38 = -v + 324. List the prime factors of v.
2, 11, 13
Suppose 0 = -5*x - 0*x - 15, 2*v - 3*x - 203 = 0. Suppose 2*m = -3*d - 0*d + v, -4*m + 188 = 4*d. List the prime factors of m.
2, 11
Let l(m) = -259*m - 44. List the prime factors of l(-5).
3, 139
Let c = 783 - 311. What are the prime factors of c?
2, 59
Let z(h) be the third derivative of h**7/360 - h**6/720 + h**5/120 + h**4/3 + 4*h**2. Let p(w) be the second derivative of z(w). List the prime factors of p(3).
61
Suppose 2*i = 5*i - 9. Let n(t) be the first derivative of t**4/4 + 2*t**3/3 - t**2 + 4*t + 197. List the prime factors of n(i).
43
Let j be (-2)/4 - 42/12. Let z(k) = -71*k - 12. List the prime factors of z(j).
2, 17
Let g = -745 + 895. List the prime factors of g.
2, 3, 5
Let h(s) be the third derivative of s**5/30 + 3*s**4/8 - 5*s**3/3 - 13*s**2. What are the prime factors of h(-7)?
5
Suppose 2*b = -0*b + 6. Suppose -7*c = -b*c + 124. Let f = -16 - c. What are the prime factors of f?
3, 5
Let b be 183 + (0 - 1) + (1 - 4). Suppose -3*d = -2*o - b, 2*o - 348 = -4*d - 114. List the prime factors of d.
59
Let i(n) = -3*n**2 + 131*n + 101. What are the prime factors of i(30)?
11
List the prime factors of ((-2481)/(-6))/(20/40).
827
Let q = 5 + 0. Let s = q + -3. Suppose 0 = -b + 2, -16 = -s*v + v - 2*b. List the prime factors of v.
2, 3
Let y(j) = 7*j**2 - 2*j + 1. Let c be y(1). Suppose 0 = c*b - 54 - 48. List the prime factors of b.
17
Let g be 5/((-15)/9) + (-2 - -35). Let w(o) = -o**2 + 6*o - 5. Let p be w(4). Suppose -4*l + p*l = -g. What are the prime factors of l?
2, 3, 5
Let c(r) = 2680*r**2 - 21*r - 20. List the prime factors of c(-1).
7, 383
Let b = -156 + 273. Let d = b - 65. Suppose d = j + 8. List the prime factors of j.
2, 11
Let p = 30 + -30. Suppose p = -2*m + 23 + 1. What are the prime factors of m?
2, 3
Suppose -30*w - 10174 = -4*z - 25*w, -8 = 4*w. List the prime factors of z.
3, 7, 11
Let s(o) = -32*o + 9. List the prime factors of s(-9).
3, 11
Suppose 8*o - 3*o - 100 = 0. Suppose -28 + 124 = 4*z. What are the prime factors of (o/8 - 2)*z?
2, 3
Let r(j) = -j - 5. Suppose i + 5 = 0, -i + 45 = -5*o - 3*i. Let q be r(o). Suppose -86 = -8*h + q. What are the prime factors of h?
11
Let v(k) = -k**3 - 9*k**2 + 4*k - 7. Let w be v(-10). Let y = -23 + w. What are the prime factors of y?
2, 3, 5
Suppose 2*q = -l - 2, 2*l + 3*q = 8*q - 4. List the prime factors of (-2546)/(-34) - l/17.
3, 5
Let x be (4 - 52/10)/(3/(-5)). Suppose -3*i - 569 = -x*p, -2*p - 3*i = -8*i - 563. List the prime factors of p.
17
Suppose -r = -4*r + 6. Suppose -6*l + 4*x = -2*l - 692, -r*x + 185 = l. Suppose -4*d + 2*w = w - l, 4*d - 4*w = 192. List the prime factors of d.
43
Suppose 0 = -3*i - 4*z + 3348 - 582, 5*i - 4602 = -4*z. List the prime factors of i.
2, 3, 17
Let f = 259 + -125. List the prime factors of f.
2, 67
Let g be ((-3)/2)/(2*5/(-20)). Suppose -2*z + 270 = -k, -1 = -2*k + g. What are the prime factors of z?
2, 17
Let o = 48 + -3. Let m be o/3 - (1 - 3). Suppose -6 + m = n. List the prime factors of n.
11
Let p(c) = c**3 - 13*c**2 + 15*c - 12. Let u be p(12). Let n = u - -20. What are the prime factors of n?
2, 11
Suppose -269 = -2*o + 837. Suppose 6*c + 4*p = 3*c + o, 4*c - 749 = -3*p. List the prime factors of c.
191
Suppose -130*d = -118*d - 996. Suppose -2*m + 74 = -4*i, -3*i - 74 = -3*m + m. Let h = d - m. What are the prime factors of h?
2, 23
Let h(f) = f**3 - 32*f**2 + 29*f + 18. List the prime factors of 